test common factor of v and 44.
11
Suppose 3*l + 2*d = 65, -d + 19 = l - 2. Calculate the greatest common divisor of l and 207.
23
Suppose 3*y = a + 4*y - 9, -y + 14 = 2*a. Suppose 0 = -a*h + 3*i + 164 + 1, 99 = 3*h - i. Calculate the highest common factor of 11 and h.
11
Suppose 0 = 2*u - 4 - 4. Suppose -2*l + 3*l = 60. Suppose -5*f - 2*p + 118 - 26 = 0, -5*p = 4*f - l. What is the highest common factor of f and u?
4
Let a be 2/(-8) - (-17)/4. Let u = a - -1. What is the highest common factor of 1 and u?
1
Suppose 0 = 2*w - 30 - 12. Suppose -14 = q - 2*q. Calculate the greatest common divisor of w and q.
7
Let t(a) = -145*a + 2. Let c be t(-1). Calculate the highest common factor of c and 21.
21
Let y = -19 - -11. Let k = 23 + y. Let p = 569 - 404. What is the highest common factor of p and k?
15
Let c(u) = 3*u**2 - 3*u - 4 - u**2 + 0*u - u. Let i be c(5). Calculate the highest common divisor of 104 and i.
26
Let l(o) = -o - 7. Let u(r) = -r**2 + r - 1. Let k be u(3). Let p be l(k). Suppose -i + 2 + p = 0. What is the highest common factor of 2 and i?
2
Let s = -28 + 41. Suppose 5*c - s = -3. Suppose 4*z - 2*p - 102 = -0*p, c*p = 2. Calculate the greatest common divisor of z and 65.
13
Suppose 141 = 5*h - 4*h + 5*y, -237 = -2*h + 5*y. Calculate the highest common divisor of h and 14.
14
Suppose 5 - 7 = -2*j. Let f be 4 + (j + 0)*-3. Calculate the greatest common factor of f and 2.
1
Let k(s) = 3*s**2 + 3*s. Let r be k(-2). Suppose -y + 12 = -5*y. Let q be 1/y + (-19)/(-3). What is the greatest common factor of r and q?
6
Let o be (8/(-16))/((-1)/6). Suppose -15 = o*d - 105. What is the highest common divisor of d and 10?
10
Let q = 3 + -5. Let s = 32 + q. Let r be -1 - -7*(1 - 0). What is the highest common divisor of r and s?
6
Let y(p) = -p**2 + 5*p - 3. Let u be y(3). What is the highest common factor of u and 24?
3
Let b = 20 - 9. Suppose 0 = -4*p + t + 294 - 33, 3*t = 3*p - 189. Let k be (12/(-8))/((-1)/p). Calculate the greatest common factor of b and k.
11
Let g = 85 - 53. What is the greatest common factor of 8 and g?
8
Suppose -3*m - 4*h + 8*h = 8, -5*m + 15 = -h. What is the highest common divisor of m and 6?
2
Let f = 45 + -31. Calculate the greatest common divisor of f and 42.
14
Suppose 3*m = -59 + 77. Calculate the highest common divisor of m and 12.
6
Let a be (-2 - 26/3)*(-6)/4. Calculate the greatest common factor of 24 and a.
8
Suppose 2*l - 22 = 2*q, 3*q - 15 = -5*l - 2*q. Suppose -2*b + l*b - 100 = 0. What is the greatest common divisor of 20 and b?
20
Let x be ((-1)/1*-6)/2. Suppose -x = -k + 8. Calculate the highest common divisor of k and 44.
11
Let z = 17 - -3. What is the greatest common factor of 10 and z?
10
Suppose -4*i + 8 = -2*i. Suppose 73 = q - r, i*r - 2 = 3*r. Suppose d - q = -4*d. What is the greatest common divisor of 3 and d?
3
Suppose -5*b = -14 - 46. What is the highest common divisor of 60 and b?
12
Let d(l) = -l**3 + l + 5. Let i be d(0). Let b(m) = -3*m - 3*m + i + 5*m. Let s be b(0). What is the highest common divisor of s and 20?
5
Suppose 130 = -3*y + 8*y. Let x = y - 12. What is the greatest common divisor of x and 7?
7
Let q be 514/6 + (-4)/6. Suppose -2*d + 30 = -4. Calculate the greatest common factor of d and q.
17
Let j be 0 - 0 - (-1 + -19). Calculate the highest common factor of 30 and j.
10
Suppose 5*s + 40 = 5*t, -s + 0*s = -2*t + 21. Suppose 0 = -4*o + t + 3. What is the highest common divisor of o and 4?
4
Suppose -237 - 267 = -3*b. Calculate the greatest common factor of b and 21.
21
Suppose -23 = -3*z - 8. Calculate the greatest common factor of 5 and z.
5
Suppose 0 = 3*i - 14 + 2. Suppose i*x - 9 = 3. Calculate the greatest common factor of x and 24.
3
Let p be (6/(-4))/((-3)/6). Suppose -443 = -5*i + p*b, -3*i + 0*b = b - 263. What is the greatest common factor of 11 and i?
11
Let y be -2*(-3)/(-6) - -4. Let s = 13 - y. Suppose -i + 40 = 3*i. What is the greatest common factor of s and i?
10
Let k be ((-5)/(-5))/((-1)/(-9)). Calculate the highest common factor of k and 81.
9
Let g(p) = 12*p**2 + 2*p - 1. Let a be g(1). Let f be (6/(-4))/(a/(-208)). What is the greatest common factor of 3 and f?
3
Suppose 0 = -t + 3 + 4. Suppose t = -o - 3*z, o - 4*z - 1 = 4*o. Suppose -24 - 31 = -o*g. Calculate the highest common factor of 11 and g.
11
Suppose -2*k - 4 = -16. Let b = 77 - 11. What is the highest common factor of k and b?
6
Let u be (-4)/(-6) + (-244)/(-12). Let i = u + 0. What is the greatest common divisor of i and 7?
7
Let p = -21 - -13. Let f be 56/16*p/(-14). Let x = -8 - -12. Calculate the greatest common divisor of f and x.
2
Let i = 21 - 28. Let a(f) = -2 + 5*f + f**2 - 1 + 0. Let x be a(i). What is the highest common factor of 11 and x?
11
Let w(c) = -2*c + 6. Let m be w(-3). What is the greatest common divisor of 12 and m?
12
Let m be (-21)/((-6)/4 + 0). What is the greatest common divisor of 70 and m?
14
Let a = -59 - -101. Let g be 7/5 + (-2)/5. Let s = 6 + g. Calculate the greatest common factor of s and a.
7
Let r = 49 - -6. Let l(c) = -11*c. Let i be l(-1). What is the highest common divisor of i and r?
11
Let o = -6 - -69. Let n(u) = 2*u - 3. Let t be n(6). What is the greatest common divisor of t and o?
9
Let f be (12/(-20) - 3)*-5. Suppose 0*o = -3*h - o + 29, -2*h + f = o. Calculate the greatest common divisor of 99 and h.
11
Suppose -4*j = -4*d + 744, 4*j + 366 = 2*d - 0*j. What is the highest common divisor of d and 21?
21
Suppose 41 = h + 5*g, -3*g = -4*h + h + 213. Calculate the greatest common factor of h and 44.
22
Let h = -5 - -13. Suppose 0 = j - 3*j + h. Calculate the greatest common divisor of j and 10.
2
Let b = -25 - -25. Let p = 9 - b. Calculate the greatest common factor of 99 and p.
9
Let x be (2 - 3) + 1 + 5. Let s = 11 - x. Calculate the greatest common divisor of 12 and s.
6
Suppose 5*p - 2*w - 6 = 10, -4*p + 10 = -3*w. Calculate the highest common divisor of p and 36.
4
Suppose 0 = -g + 2 + 1. Suppose -2*l = g*l - 10. Let b be 4/12 - 15/(-9). Calculate the greatest common divisor of l and b.
2
Suppose -3*k + m - 6*m + 4 = 0, -4*m - 19 = -5*k. Let v = k + -3. Suppose -3*y + 50 - 14 = v. What is the highest common divisor of y and 132?
12
Let h be (-2 - -5 - 4)*-1. Let y = -8 - -17. What is the highest common factor of h and y?
1
Let f be ((-2)/(-2))/((-2)/(-268)). Suppose 5*r - f - 166 = 0. Suppose 2*a + q = -0*a + 20, -3*q - 48 = -3*a. What is the highest common divisor of r and a?
12
Suppose -5*h = -25, 3*j - 2*h + 12 = 65. What is the greatest common divisor of j and 3?
3
Let u = 11 - -16. Let a(v) = -2*v - 3. Let i be a(-6). What is the highest common factor of i and u?
9
Suppose -24 = -2*q - 3*o - 5, -5*q - 3*o = -52. Calculate the highest common factor of q and 22.
11
Suppose 2*p - 2 + 8 = 0. Let z be -3 + (9 + p - 0). What is the greatest common factor of 24 and z?
3
Let a = 24 - 12. Let s(l) = l - 1. Let u(m) = m - 2. Let j(w) = -3*s(w) + 4*u(w). Let h be j(9). What is the highest common factor of h and a?
4
Let i = 9 - -5. Let s = 2 - i. Let c = s + 24. Calculate the highest common factor of c and 4.
4
Suppose -4*p + 24 = 8. Suppose 0 = -p*h + 3 - 19. Let g be 5/(-20) + (-41)/h. What is the greatest common divisor of 110 and g?
10
Suppose 16 = -4*q + 52. Calculate the greatest common factor of q and 27.
9
Suppose -4*n - 26 = -102. Suppose -2*z = -n - 13. Let k be (-6)/(-9) - 8/(-6). Calculate the highest common factor of k and z.
2
Let q be (-6)/(-4)*4/(-1). Let r be ((-3)/2)/(q/128). Calculate the greatest common factor of 8 and r.
8
Let g be ((-26)/3)/(-2) - (-28)/(-21). What is the highest common divisor of g and 24?
3
Suppose -5*a - 1637 + 489 = 4*v, 0 = a + 4. Let d be v/(-18) - (-2)/(-3). What is the greatest common divisor of d and 75?
15
Suppose -4*h = -h - 27. Calculate the highest common divisor of h and 36.
9
Let o(x) = -6*x. Let a be o(-5). Let r be (-4)/(-20) - 748/(-10). What is the greatest common divisor of a and r?
15
Let b(z) = z - 12. Let h be b(11). Let m be (h + -1)/((-6)/21). What is the highest common divisor of m and 1?
1
Suppose -126 = -4*k - 3*r, 6*r = -3*k + 3*r + 93. What is the greatest common factor of 132 and k?
33
Let s be (-3)/(-6)*40/2. Let u = 11 - s. Calculate the greatest common divisor of u and 5